Let n(r) = -7*r - 23. Let j(m) = -15*m - 43. Let l(b) = -2*j(b) + 5*n(b). Let q be l(-9). What is the greatest common divisor of q and 296?
8
Let p(x) = -2738*x - 656. Let l be p(-1). Calculate the highest common factor of l and 6.
6
Let u be (-2 + 0 + 5)/(9/30). Suppose u*y - 21 = 3*y. Suppose 4*o - 372 = -4*r - 0*r, -3*r + y*o + 309 = 0. Calculate the highest common factor of r and 28.
14
Let i = -233 + 255. Suppose i = -42*r + 43*r. Calculate the highest common divisor of r and 4.
2
Let c(l) = l**2 + 133*l - 674. Let k be c(-139). Calculate the highest common factor of k and 21920.
160
Suppose -23631 = -40*t + 63080 + 25009. Calculate the highest common divisor of t and 171.
57
Let c(m) = 4640*m**2 + 6*m + 8. Let k be c(-2). Suppose 39*h = k - 4204. Calculate the greatest common divisor of 64 and h.
16
Let h(c) = 47*c**3 - c**2 + 2*c - 2. Let i be h(1). Let v be (-28)/20 - (-92175)/125. What is the greatest common factor of v and i?
46
Let d = -7875 + 8200. Calculate the highest common factor of d and 3120.
65
Let n = -29585 - -29651. What is the greatest common factor of 9141 and n?
33
Suppose -1048 = -4*f - 2*q, 28*q - 1064 = -4*f + 24*q. Calculate the highest common factor of f and 7396.
86
Let c(q) = 1119*q - 6522. Let j be c(26). Calculate the greatest common factor of 528 and j.
132
Let a be (33/(-15) + -3)/(4/(-12))*300. What is the greatest common divisor of a and 15?
15
Let s(q) = 652*q**2 + 80*q + 7. Let h be s(-3). What is the highest common factor of h and 1225?
245
Let t(d) be the third derivative of d**6/30 - 3*d**5/20 + 19*d**4/24 + 5*d**3/3 - 11*d**2 - 3. Let j be t(6). Calculate the greatest common factor of 83 and j.
83
Suppose x + 453 = 4*x + 3*o, o = 3. Let d(u) = -2*u**3 - u**2 - 3*u - 17. Let a be d(-3). What is the highest common divisor of x and a?
37
Suppose -131508 + 40692 = -232*v + 56*v. What is the highest common factor of v and 84?
12
Let a(u) = -6*u + 4. Let r be a(-4). Suppose -275*o - 1208 = -271*o. Let f = -260 - o. What is the highest common divisor of r and f?
14
Let y(u) = -4*u**2 + 10*u**2 - 9*u + 3 - 7*u**2. Let w be y(-7). Suppose -673 = -5*g + 262. Calculate the greatest common factor of g and w.
17
Let o = -1241 - -1311. Let b = -1 - -3. Suppose -b*z - j - 110 = -6*z, z + 4*j = 36. Calculate the greatest common divisor of z and o.
14
Suppose -130 = -273*v + 268*v. Suppose -v*h = -15*h - 1584. Calculate the greatest common factor of h and 80.
16
Suppose 0 = 2*j - 5*r - 341, 11*j + 154 = 12*j - r. Let x = 35 + -9. What is the highest common factor of j and x?
13
Let n(m) = -15*m**3 - m**2 + m + 6. Let p be n(-2). Suppose 7*h - p = -3*h. Calculate the greatest common divisor of h and 18.
6
Let n be 84/(-16)*80/(-15). Suppose 0 = 5*q - 69 - 1191. What is the highest common factor of q and n?
28
Suppose -n - 5*m + 83 = 0, -2*m + 40 = -3*n + 408. What is the highest common divisor of n and 30857?
59
Let s = -293 + 297. Let o be (0 - -2 - 7)/(-1). Suppose p = -o*w + 17, 2*p + s*w = 5*p - 146. Calculate the highest common factor of 105 and p.
21
Let h(y) = -118*y + 12. Let w be h(-2). Let l = 123 - w. Let a be (-50)/l*145/2. Calculate the highest common factor of 232 and a.
29
Let t(s) = 3*s**2 - 1. Let q be t(-1). Suppose -14*b = -10*b + 56. Let h be (8/(-20))/(2/(-20)) - b. Calculate the greatest common divisor of h and q.
2
Let o(w) = w**3 + 5*w**2 + 3*w + 1. Let c be o(-4). Suppose -c*u - 312 - 3 = 0. Let v = 77 + u. What is the greatest common factor of 70 and v?
14
Let p(y) = y**3 + 5*y**2 + y. Let u be p(-4). Let t(z) = 50*z**2 + 45*z - 1. Let n be t(-1). Calculate the highest common divisor of n and u.
4
Suppose g - 4*w = -0*g + 20, -4*g + 2*w + 52 = 0. Let f = -68 + 80. Let p be f*(-45)/(-4)*(-20)/(-50). Calculate the greatest common divisor of p and g.
6
Let r be ((-104)/6)/(16/(-1728)). Calculate the greatest common divisor of r and 364.
52
Let r = 230 - 214. Suppose m = -0*m + r. Let g be 1/(6/(-4))*-36. What is the greatest common factor of m and g?
8
Let j(g) = g**3 + 9*g**2 - 2*g - 10. Let p be j(-9). Suppose 4*c + 0 = p. Suppose -5*m - c*m + 63 = 0. What is the highest common divisor of m and 9?
9
Let d = 404 + 324. What is the highest common factor of 168 and d?
56
Suppose 46 = 2*f - 4*y - 34, 0 = -f + 3*y + 43. Let m(v) = 5*v**2 - 42*v - 693. Let x be m(-11). Calculate the greatest common factor of f and x.
34
Suppose 894*j - 499 = -343*j + 256797. Let r be ((-2)/4)/((-3)/78). Calculate the highest common factor of r and j.
13
Let c = -8717 + 9047. What is the greatest common factor of 8085 and c?
165
Let s be (54/(-9) - 5145/2)*(-128)/48. Calculate the highest common factor of s and 72.
36
Suppose 4580 = 5*a + 5*y, 0 = 5*a - y - 5304 + 730. Calculate the greatest common divisor of 122 and a.
61
Let k be (-4)/(-7) + 16/(-28). Suppose 6*g - 3*g - 144 = k. Suppose 18*h - 331 - 317 = 0. Calculate the greatest common divisor of g and h.
12
Suppose -2*f + 291 = 21. Let h be (118/(-2) + 2)/(32 - 33). Suppose -h*b = -103*b + 1242. What is the greatest common divisor of f and b?
27
Suppose -14*c + 11*c - 2*x = -2557, 5142 = 6*c - 3*x. What is the highest common factor of 765 and c?
45
Suppose 4*j - 43 = o, -3*j + j + o = -23. Suppose 0 = 4*c - i - 997, 2*c - 454 = -4*i + 58. What is the greatest common divisor of c and j?
10
Let l(h) = -2*h**3 - 5*h**2 - 5*h - 3. Let n be l(-3). Let i(t) = 2*t**2 - 194*t - 2334. Let w be i(-11). Calculate the highest common divisor of n and w.
21
Let s = -30 + 50. Suppose -4*m - s = -0*m. Let v be (-12)/20 - 203/m. What is the greatest common divisor of 8 and v?
8
Let l be ((-1363)/(-4))/((8 - 13)/(-20)). Calculate the highest common factor of l and 141.
47
Suppose -10*v + c - 10821 = -14*v, v - 2709 = -4*c. What is the highest common factor of v and 10?
5
Let u(c) = 2*c**3 + 37*c**2 - 16*c - 33. Let y(z) = -z**2. Let q(s) = u(s) + y(s). Let t be q(-18). What is the greatest common factor of t and 15?
15
Let p be (-48)/(-4) + 230/210 + 4/(-42). Calculate the greatest common divisor of p and 65.
13
Let l = -17 + 8. Let s be (-8)/(24/l) - -4. Let g(y) = y**3 - 6*y**2 + y + 9. Let i be g(s). What is the highest common factor of 26 and i?
13
Let c be (0 + -7)*(-1 + 0). Let y(f) = 2*f**2 + 21*f + 22. Let a be y(-19). Let o be a/12 - (-6)/(-8). Calculate the highest common factor of o and c.
7
Let z be ((-3)/((-6)/82))/(1 - 0). Suppose z*k - 40*k = 0. Suppose k = -11*b - 257 + 972. What is the greatest common divisor of b and 26?
13
Let d = 130 + -80. Let n(l) = 2*l**2 - 11*l - 5. Let c be n(5). Let f = d + c. What is the greatest common factor of 20 and f?
20
Let n = 23 - 21. Suppose -2*y + 204 = 2*y + n*k, 0 = 5*k - 20. What is the highest common divisor of y and 14?
7
Suppose -5*x - 2761 = -4*f, 3*f = -x + 766 + 1281. Suppose -32*h = 1804 - 4731 + 1775. What is the highest common divisor of f and h?
36
Let b = -188 + 617. Let n(s) = -s**3 - 23*s**2 - 2*s - 10. Let c be n(-23). Suppose -z = -3 - c. Calculate the highest common divisor of b and z.
39
Let d(r) = -r**3 - 17*r**2 - 2*r - 263. Let k be d(-19). What is the highest common factor of k and 1?
1
Let a = 3560 - 3555. Let b(h) = h**3 + 6*h**2 + 3*h - 5. Let f = 2 + -7. Let z be b(f). What is the greatest common divisor of a and z?
5
Let p = 3832 + -3376. What is the highest common divisor of p and 104?
8
Let h(f) = -f + 26. Let p be h(0). Suppose 60*b - 12253 = -8353. What is the highest common divisor of p and b?
13
Suppose -2*k - 3*d = -51718 - 25935, -2*k + 4*d = -77604. What is the greatest common factor of 32 and k?
32
Suppose -5*m = 2*a - 20, 0*m - 10 = -a - 2*m. Let j be (-18 - a)/((-4)/6). Calculate the highest common factor of j and 14.
14
Let l = 69 + -42. Let o be 78/4 + (l/(-2))/9. Suppose 0 = -31*t + 28*t + o. Calculate the greatest common divisor of t and 54.
6
Suppose -5*d - 3*r + 126 = 0, 3*d + r - 80 = -3*r. Let c = -484442 - -484546. What is the highest common divisor of d and c?
8
Let w(b) = 80*b - 3727. Let i be w(47). Let n = -98 + 186. Suppose 3*l = l + n. What is the greatest common divisor of i and l?
11
Let x(u) = 2*u + 77. Let a(y) = -22*y - 3. Let v be a(1). Let k be x(v). What is the highest common factor of k and 81?
27
Let r = 140 + 424. Let n = 6 + r. What is the greatest commo